uppose -u*p = -51 - 141. What is the tens digit of p?
4
Let c be (-2)/(1 + (-3)/2). Suppose -c*j + 0*j = 0. Suppose j = -4*q + 5*q - 16. What is the units digit of q?
6
Let u(m) = -1494*m**3 + 4*m + 3. What is the hundreds digit of u(-1)?
4
Suppose -4*z + 5*v + 542 = -1450, -v = 0. What is the hundreds digit of z?
4
Suppose -2*f = 4*c + 2*f, 2*c + 4*f - 2 = 0. What is the units digit of 65 + 1 + 1 + c?
6
What is the units digit of (-2*(-87)/(-9))/(18/(-2673))?
1
Let d(j) = 30*j - 13. Let n(y) = -29*y + 14. Let o(m) = 3*d(m) + 2*n(m). What is the units digit of o(5)?
9
Suppose -3*g = -0*g - 3, 700 = 2*k + 2*g. What is the hundreds digit of k?
3
Let k = -1 + 14. Let u = 15 - k. Suppose -2*c = -u*n - c + 15, 4*n - 4*c = 20. What is the tens digit of n?
1
Suppose 2*h - 2222 - 18 = 0. What is the units digit of h?
0
Let n be (1035/(-46))/(1/(-2)). Let v = n + 34. What is the tens digit of v?
7
Let p(x) = 17 - 6*x + 2*x + 5 + 2*x. Let t be p(9). Suppose t*s = q - 47, -5*q - 2*s = -7*s - 190. What is the tens digit of q?
3
What is the tens digit of (8 + (-56)/10)*100?
4
Let f = -274 + 434. What is the tens digit of f?
6
Let x(v) = 5*v**2 - 9*v + 210. What is the hundreds digit of x(12)?
8
Let s = 1274 - 545. What is the tens digit of s?
2
Let k(s) = s**2 + 8*s + 7. Let v be k(-7). Suppose v*g + 30 = 2*g. Let m = 14 + g. What is the tens digit of m?
2
Let y(k) = 32*k + 188. What is the thousands digit of y(27)?
1
Let b(g) = -g**2 - g. Let m(t) = 5*t**2 + t - 2. Let h(x) = -4*b(x) - m(x). Let u be h(3). Suppose -40 = -3*k - u*k. What is the units digit of k?
8
Suppose 6 = 4*b + 4*i - 14, -3*b = -2*i. Let c be (b + -1 + 0)*0. What is the tens digit of (c - 2)/(8/(-128))?
3
Let l(f) be the first derivative of 11*f**3 + f**2/2 - 3. Suppose -5*o - 2*v + 15 = -10*o, -4*o + 2*v = 14. What is the tens digit of l(o)?
3
Let a be (-3)/1*(9 - (5 + 5)). Let i(u) = 10*u - 6. Let p be i(6). Suppose -a*h - p = -5*x - h, -15 = -5*h. What is the units digit of x?
2
Suppose -4*y = -l + 557, 3*y - 4*l + 434 = -0*y. Let m = y - -288. What is the units digit of m?
0
Let q(b) = 2*b**3 - 3*b**2 + 17*b - 38. What is the units digit of q(8)?
0
Let q(f) = 1. Let h(o) = -50*o - 14. Let v(b) = -h(b) - q(b). What is the hundreds digit of v(2)?
1
Let o be (-1)/(-6) + (-68)/(-24). Suppose -o*r - j = -r - 307, 2*r - 305 = j. What is the units digit of r?
3
Suppose 0 = -0*n + 5*n + 65. Let v(u) = -13*u + 14. What is the tens digit of v(n)?
8
Let l(i) = 258*i - 522. What is the thousands digit of l(6)?
1
Suppose -f - 39 = -l - 403, 3*l = 4*f - 1454. What is the tens digit of f?
6
Let d(g) = 3*g**2 + 8*g - 7. Let p be d(1). Suppose 588 = 4*j - p*y, -6*j + 2*j = 5*y - 552. What is the tens digit of j?
4
Let l = -15 + 16. Let p = l - -90. Suppose -2*x + 0*y + y = -37, -5*x + 3*y = -p. What is the tens digit of x?
2
Suppose 5*n + 65 = 5*l, 0 = l + 2*n - 9 - 7. Let m(r) = -7*r**2 + 24*r**2 + 4*r - l*r**2. What is the units digit of m(-5)?
5
What is the thousands digit of 2/(-8) - (-141328)/64?
2
Suppose -u - 44 = 2. Let c = -81 + 148. Let m = c + u. What is the tens digit of m?
2
Let p(j) = -5*j + 1 - j**2 - 4 - 1 + 1. Let x be p(-5). What is the tens digit of (0 - (x - -5)) + 25?
2
Suppose h - 3*o = -4, -h + o - 5 = 5. Let q = h - -1. What is the units digit of -3*q/(-16)*-24?
4
Let r = -26 + 46. Let p be 122/18*1 - 6/(-27). Let g = r - p. What is the units digit of g?
3
Suppose -5*u = -5*n + 2675 + 2805, 0 = -5*n - 5*u + 5530. What is the hundreds digit of n?
1
Suppose h - 165 = -2*h. Suppose 0 = -7*x - h + 510. What is the tens digit of x?
6
What is the units digit of (-20)/30*4458/(-4)?
3
Suppose 342 = -47*d + 49*d. What is the units digit of d?
1
Let f(t) = -6*t - 10. Let c(g) = -g - 13. Let x be c(-7). What is the units digit of f(x)?
6
Let n(l) be the third derivative of l**6/120 + 2*l**5/15 + l**4/12 + l**3 - 5*l**2. What is the units digit of n(-4)?
2
Suppose 0 = -5*l - 0*l + 140. Suppose 10 = -m + l. Suppose 45 = 5*c + 3*z, -4*z = 2*c + z - m. What is the units digit of c?
9
Suppose 0 = t - 4. Suppose t*l + 4*a - 188 = 0, l - 73 = -2*a - 28. What is the units digit of l?
9
Let j(d) = 43*d - 111*d + 17*d - 18*d. What is the tens digit of j(-2)?
3
Suppose 0 = 5*n - 2*w + 74, 3*n + 3*w + 33 = -24. Let r be 0 - 12/4 - n. Suppose r = -4*l + 109. What is the units digit of l?
4
Let q be -8 + 10 + 0 + 0 + 3. Suppose 4*t + 0*b - 432 = 2*b, -t = -q*b - 117. What is the hundreds digit of t?
1
Let x(o) be the third derivative of -1/2*o**3 + 3*o**2 + 1/120*o**6 + 0*o + 0 + 5/24*o**4 + 1/10*o**5. What is the units digit of x(-4)?
9
Suppose 0 = 2*k - 27 + 11. Let d = k - 5. Suppose -2*v - 3 = -z, d*v + 5 = z + 3. What is the units digit of z?
5
Suppose g + 907 = 6*g - 3*m, -g - 3*m + 167 = 0. What is the hundreds digit of g?
1
What is the tens digit of 12/2 + 671 + -5 + -4?
6
Let k(x) = 7 - 5 + 0 + 6*x + 2 + 5*x**2. What is the tens digit of k(-4)?
6
Let p(v) = -74*v - 61. What is the units digit of p(-6)?
3
Let i be (-2)/5 - 36240/25. What is the tens digit of (i/(-5))/2*1?
4
Suppose -5*l = -3*d + 595, 3*d - 602 = -4*l + 2*l. Suppose 0*m - 2*o + d = -2*m, 5*m + 500 = -3*o. Let w = m + 145. What is the units digit of w?
5
Let s(v) = -22*v + 12. Let f(b) = -b**3 - 7*b**2 - 9*b + 4. Let a be f(-4). What is the units digit of s(a)?
8
Let m(l) be the first derivative of l**2/2 - 10*l - 4. Let x be m(-16). What is the units digit of (-4)/x - (-228)/39?
6
Suppose -13*c + 5820 = 126. What is the tens digit of c?
3
Let p be (-5)/2*(-32)/5. Suppose 0 = -4*r + 5*n - n + p, r = 4*n + 7. What is the units digit of (-74)/(-3) - 2/r?
4
Let c = 368 - 32. What is the tens digit of c?
3
Let b(g) = 55*g**2 + 15*g + 21. What is the hundreds digit of b(-2)?
2
Suppose 18*w - 75 = 13*w. Let a = 32 + w. What is the tens digit of a?
4
Suppose 258 = 5*x - 2*w - 79, 5*w - 158 = -2*x. Suppose 2*i = x + 13. What is the units digit of i?
1
Suppose 0*n = -3*n. Suppose -3*p - 2*p + 310 = n. What is the units digit of p?
2
Let a(r) be the second derivative of 0 + 1/20*r**5 + 1/6*r**4 - 3/2*r**2 - 10*r + 1/6*r**3. What is the tens digit of a(2)?
1
What is the tens digit of ((-5538)/(-9))/((-38)/(-57))?
2
What is the units digit of -24*(-5)/80*1*746?
9
Let y(d) = 47 + 26 + 7 - 15 + 6*d. What is the hundreds digit of y(15)?
1
Let k(n) = -n**3 + 8*n**2 - 6*n. Let w be (-4)/(-6)*42/4. Let u be k(w). What is the units digit of (-18)/6*u/(-3)?
7
Suppose 2*n = -3*c - n + 63, -5*c - n + 121 = 0. What is the units digit of (26/5)/(5/c)?
6
Let r(p) = p**3 - 8*p**2 + 10*p + 16. Suppose -k + 2 = -n - 2, -2*k = 2*n - 24. What is the tens digit of r(k)?
9
Suppose 3*n - 5*m + 4 = 0, -3*n - 13 = m + 3*m. What is the tens digit of 65 - (0 - (-2 - n - -3))?
6
Suppose -5*f + 14*f = -270. Let l = f + 276. What is the hundreds digit of l?
2
Let d(y) be the second derivative of -y**4/12 + 8*y**2 - y. Let x = -11 - -11. What is the units digit of d(x)?
6
Let m(c) = 87*c + 553. What is the thousands digit of m(35)?
3
Let t = 53 + -51. Suppose 0*l + 47 = l - 3*m, 4*m + 86 = t*l. What is the tens digit of l?
3
Let c = 324 + -35. What is the tens digit of c?
8
Let u = -4 + 11. Let t be (-1 - -3)/((-32)/14 + 2). Let f = u - t. What is the tens digit of f?
1
Suppose 2*x - 2*g = 1150, 0 = 4*g - 0 - 4. What is the hundreds digit of x?
5
What is the units digit of 96/(-18)*458/(-4)*3?
2
Let x be 6/(-8) - 30/(-8). Suppose 3*a = 251 - 98. Suppose p = x*l + 4*p - a, 2*p = -l + 12. What is the units digit of l?
2
Suppose 2*i + 94 = r, 16*r = 19*r - 3*i - 270. What is the units digit of r?
6
Let k = 53 - 37. Suppose f + k = 5*f. Suppose -2*s + f*s = 44. What is the tens digit of s?
2
What is the tens digit of (88/14)/((-26)/(-91))?
2
Let k = 16 - 17. Let m(o) = -3*o - 1. Let r be m(k). Suppose -3*f + 8*f + 4*d - 147 = 0, r*f - 39 = 5*d. What is the units digit of f?
7
Let u(r) = 12*r - 4*r + 5 - 7*r. Let w be u(9). Let z = 30 - w. What is the tens digit of z?
1
Let r = -1056 + 1952. What is the units digit of r?
6
Suppose 3*f + 57 = 4*s, -4*s - f + 95 = s. Let c = 125 + s. What is the tens digit of c?
4
Suppose 3*i + 16 = 10. Let s = 1 - i. What is the units digit of s?
3
Let h(l) = 8*l**2 + 6*l + 104. What is the units digit of h(-17)?
4
Let k(h) = -58*h**3